inder when f(35) is divided by 130?
119
Suppose -5*s + 2 = -l, -7 + 3 = 2*l. Let z(k) = -k**3 - k**2 + 64. Let b = 2 + 31. What is the remainder when z(s) is divided by b?
31
Let b(c) be the first derivative of c**3/3 - 3*c**2 - 21*c - 36. Let z be b(8). What is the remainder when -1*(4 + z + -25) is divided by 10?
6
Let a = 78 + -81. Let r be a - 1*810/(-5). Suppose -6*f = -3*f - r. What is the remainder when f is divided by 11?
9
Suppose -2*j - 5*s = -1261, -4*j + 3*s + 575 = -2012. What is the remainder when j is divided by 110?
93
Let h = 3 - 3. Suppose 3*v = n + 1 + 2, -2*n + 4*v + 2 = h. Suppose 0 = 202*u + 5003 - 20961. What is the remainder when u is divided by n?
7
Let o = -13950 + 15296. What is the remainder when 1350 is divided by o?
4
Let v = 282 - 291. Calculate the remainder when 12/(v/(-9)) - 2*-1 is divided by 14.
0
Let m = 374 - 24. Let d = -21322 - -21366. Calculate the remainder when m is divided by d.
42
Let l = -476 + 85. Let c = 400 + l. What is the remainder when 70 is divided by c?
7
Let c = 2219 - 2203. Suppose 5*v = 2*j + 296, -2*v - 66 = -3*v - 3*j. Calculate the remainder when v is divided by c.
12
Let m(x) = 2085*x - 8207. Calculate the remainder when 12899 is divided by m(4).
131
Let c = 138 - 98. Suppose -74*b = r - 68*b - 3, -5*r = -4*b - 15. Calculate the remainder when c is divided by r.
1
Suppose 0 = -4*u - 3*u - 91. Suppose 5*w - 79 = -2*j, -3*j + 2*w = -36 - 111. Calculate the remainder when j is divided by (-3140)/(-130) + 2/u.
23
Let k(q) = -33*q - 186. What is the remainder when k(-6) is divided by 6?
0
What is the remainder when 210 is divided by ((-50)/(-70))/((-75)/(-210))?
0
Suppose -4*w + 8668 + 1215 = 5*n, 3970 = 2*n + 4*w. What is the remainder when n is divided by 53?
10
Let l = 2875 + -2864. What is the remainder when 2407 is divided by l?
9
Let k(o) = -5*o + 42. Let b(x) = 259*x**2 - 3*x + 6 + 10*x - 262*x**2. Let a be b(4). What is the remainder when k(a) is divided by 29?
25
Suppose -2*g + 878 = 4*s, 0 = 11*s - 10*s - 2*g - 222. Calculate the remainder when (11 + -14)*s/(-3) is divided by 37.
35
Suppose -957 = -5*a - 4*r, 6*a + 162 = 7*a + 5*r. Calculate the remainder when 412 is divided by a.
18
Let s(h) = -h**2 - 28*h - 34. Let z(t) = 2*t**2 + 54*t + 69. Let f(i) = 5*s(i) + 3*z(i). Calculate the remainder when 61 is divided by f(-21).
13
Suppose 23 = -8*b + 119. Let i(m) = -m**3 + 16*m**2 - 19*m - 3. Let k be i(15). Let d = k - -130. Calculate the remainder when d is divided by b.
7
Calculate the remainder when 7706 is divided by (-1 + (-24)/(-48))*(-84)/2.
20
Suppose b + 88 = a, 0 = -5*a - 4*b + 93 + 410. Calculate the remainder when a is divided by 86.
9
Let y be -3 + 1/(5 - 786/157). What is the remainder when 167 is divided by (-7)/(-2)*y/(-28)?
7
Calculate the remainder when 358*(-15 - (-20 + 4)) is divided by 60.
58
Let q(x) = -35*x + 37. Let p be q(1). Suppose 5*c = r - 456, 0 = 4*r + p*c - 1672 - 174. Calculate the remainder when r is divided by 22.
21
Let u be 4 + 1 + (-471)/(-9)*-3. Let r = u - -183. What is the remainder when 149 is divided by r?
25
Let c = 1045 + -884. What is the remainder when c is divided by 151?
10
Suppose -11*f + 155 = -252. Suppose -f*w - 45 = -378. Calculate the remainder when 124 is divided by w.
7
Suppose -5*q - 4*c - 26 = 0, 3*c = q + 1 + 8. Calculate the remainder when (-4)/(-1)*6/4 - (-104 - -11) is divided by (-519)/(-21) - q/21.
24
Suppose h = m + 33, -4*h + 4*m = 2*m - 132. Suppose 6*k = h + 273. Suppose 52*q + k = 55*q. What is the remainder when 45 is divided by q?
11
Let v = 39 - 13. Let r be (-5)/(-2)*(-84)/(-35). Suppose -r = -2*k + v. What is the remainder when 58 is divided by k?
10
Suppose 59*a + 4938 = 39*a + 14938. Calculate the remainder when a is divided by 94.
30
Let j(p) be the first derivative of 2*p**3/3 + 3*p**2 + 13*p - 1. Suppose 448 = 868*c - 980*c. What is the remainder when j(c) is divided by 12?
9
Calculate the remainder when (92028/48 - 14) + -1 + 14/8 is divided by 15.
14
Suppose 3573 - 5001 = -6*a. Calculate the remainder when a is divided by 76.
10
Suppose -9*q + 350 = 152. Suppose h - 40 = 5*c, -h + 0*h + q = 4*c. What is the remainder when 81 is divided by h?
21
Let v be (-24)/9*21/(-28). Suppose -164 = -2*k - 4*r + 64, -3*k + 350 = -v*r. Calculate the remainder when k is divided by -1 + (-6)/(24/(-100)).
20
Calculate the remainder when 1651 is divided by 12/(-21) - (-17859)/567 - (-144)/1944.
8
Let m(g) = 10*g - 10. Let i be m(2). Suppose -i*q + 4*q = -366. Let u = 75 + q. Calculate the remainder when u is divided by 23.
21
Suppose -27*k + 25*k + 8 = 0. Suppose -35 = 3*d + k*d. Let h = 11 - d. What is the remainder when h is divided by 6?
4
Suppose 2*p = 3*f - 230, 5*f + 6*p - 358 = 3*p. Suppose -37 = 5*g - 17, 3*c = 4*g + 91 + 402. What is the remainder when c is divided by f?
11
Suppose -6*q + 90 = -0*q. Let t be (q/20)/((-1)/(-144)). Suppose -2*a = 2*a - t. Calculate the remainder when 107 is divided by a.
26
Let k(g) = 2*g + 5. Let s be ((-72)/48)/(3/8). What is the remainder when (19 - 21)*262/s is divided by k(6)?
12
Suppose 2*z = -5*r + 33, 5*z + 25 = 3*r + z. Suppose -s - 61 = -4*q, q - 3*s - 3 = 15. What is the remainder when q is divided by (-4)/3*(r + -1 + -9)?
3
Suppose -14*b + 3163 = -9451. Calculate the remainder when 157 is divided by -2 + 1 + 2 + b/53.
13
Let z(q) = -2*q**3 - 19*q**2 - 21*q - 270. Calculate the remainder when 3635 is divided by z(-10).
35
Let b = -3955 + 4157. What is the remainder when b is divided by 9?
4
Let u be (-8)/(-20)*230/(2 - 0). Let o = u + -32. Suppose 37 = 5*a - c, -3*c - o = -3*a + 1. What is the remainder when 29 is divided by a?
5
Let l(o) = -2*o**3 - 81*o**2 - 46*o - 30. What is the remainder when 1450 is divided by l(-40)?
190
Suppose 4904 + 11010 = 79*g + 1773. Let t = 34 + -20. What is the remainder when g is divided by t?
11
Let w = 5337 - 5314. Calculate the remainder when 28587 is divided by w.
21
What is the remainder when (-43703)/(-5) + (-2314)/890 is divided by 19?
17
Let v(z) be the first derivative of -7*z**2 + 3*z - 18. Calculate the remainder when 58 is divided by v(-1).
7
Let n(b) = 13*b**3 - 2*b**2 - 29*b + 87. Calculate the remainder when n(3) is divided by 168.
165
What is the remainder when 1253 is divided by (1/(-2))/((78/(-1652))/39)?
14
Suppose 12*l - 20169 = -5457. Calculate the remainder when l is divided by 556.
114
Suppose -5*t = -4*q + 3173, 3*q + 117*t = 119*t + 2364. Calculate the remainder when q is divided by 159.
146
Let v be (-22)/(-4 - (-9)/2). Let j = v + 26. What is the remainder when 54 is divided by (0 - 246/j) + (-2)/(-6)?
12
Suppose 4 = -19*i + 99. Suppose -c = 2*u - 28, i*u = 5*c - 48 - 17. What is the remainder when 53 is divided by c?
17
Suppose 0 = b - 2*u - 85, 4*b - 318 = -595*u + 592*u. What is the remainder when 350 is divided by b?
26
Let z(s) = -7*s + 149. Suppose 0 = -22*o + 19*o + 42. Calculate the remainder when 100 is divided by z(o).
49
Let i(j) = -2*j**2 + 16*j + 2. Let c be i(8). Let y(b) = -3*b**2 + 6 + 2*b**3 - c*b - 3 + 5*b + 1. What is the remainder when y(3) is divided by 11?
7
Let u = 69 + -77. Calculate the remainder when (38/(-4))/(4/u) is divided by 4.
3
Suppose -144857 = -103*d + 205137. What is the remainder when d is divided by 41?
36
Suppose -w - 23 - 6 = -5*p, -p + 4*w = -21. Suppose 0 = -2*i - 4*a, -p*a - 5 = -0*a. What is the remainder when i is divided by -5 + (-2 - -13) + -5?
0
Let q = -402 - -417. Calculate the remainder when 1109 is divided by q.
14
Let n = 186 + -475. Let v = 302 + n. What is the remainder when 258 is divided by v?
11
Let s(u) = u**3 - 26*u**2 + 36*u - 16. Let k be s(25). Suppose -5*c = -f - k, -f = -3 + 2. Calculate the remainder when 413 is divided by c.
49
Suppose 1459 = 23*g + 194. Suppose 2*i + 41 = -m - i, -96 = 2*m - i. Let h = m + g. What is the remainder when 13 is divided by h?
5
Let t(s) = 3*s**2 + 5*s - 10. Suppose 0 = -3*y + 4*y - 6. Let o be t(y). Let c = o + -54. What is the remainder when c is divided by 26?
22
Let h be (20/(-15))/(5/(-45)). Let d = 24 - h. Calculate the remainder when d is divided by 8.
4
Let b(w) = 17*w - 10. Let u(h) = 5*h - 33. Let a be u(8). Calculate the remainder when b(a) is divided by 22.
21
Suppose o = -0*d - d + 14, 3*d - 76 =